e factors of 2800201555.
5, 560040311
List the prime factors of 1374035123.
53, 2111, 12281
List the prime factors of 62847393.
3, 7, 2992733
What are the prime factors of 203817961?
203817961
List the prime factors of 858825716.
2, 7, 30672347
List the prime factors of 11318445.
3, 5, 97, 2593
List the prime factors of 695609614.
2, 7, 49686401
What are the prime factors of 5246182?
2, 2623091
List the prime factors of 225141151.
151, 1491001
List the prime factors of 90318807.
3, 17, 107, 613
List the prime factors of 536284925.
5, 11, 59, 33053
List the prime factors of 240217010.
2, 5, 11, 2183791
List the prime factors of 592439039.
592439039
List the prime factors of 64288021.
7, 2521, 3643
List the prime factors of 52242500.
2, 5, 20897
List the prime factors of 219531241.
131, 967, 1733
What are the prime factors of 1454189563?
1069, 1360327
List the prime factors of 247228468.
2, 1913, 32309
List the prime factors of 120164209.
11, 691, 15809
List the prime factors of 114996539.
7, 2903, 5659
List the prime factors of 306990318.
2, 3, 17, 3009709
List the prime factors of 482042718.
2, 3, 17, 525101
What are the prime factors of 45266251?
677, 66863
List the prime factors of 172231277.
3499, 49223
List the prime factors of 30842623.
7, 4406089
What are the prime factors of 454607648?
2, 11, 137, 857
What are the prime factors of 2139892686?
2, 3, 8111, 14657
What are the prime factors of 541706305?
5, 7, 1879, 8237
What are the prime factors of 34988786?
2, 7, 107, 23357
List the prime factors of 2161740969.
3, 240193441
What are the prime factors of 184783975?
5, 2503, 2953
List the prime factors of 77745257.
77745257
What are the prime factors of 88284348?
2, 3, 2452343
List the prime factors of 1261235744.
2, 31, 349, 3643
What are the prime factors of 232207120?
2, 5, 107, 27127
List the prime factors of 4516394080.
2, 5, 11, 17, 23, 6563
List the prime factors of 4891511529.
3, 543501281
What are the prime factors of 107202558?
2, 3, 307, 58199
List the prime factors of 843138443.
7, 17, 1012171
List the prime factors of 24339581.
7, 71, 48973
List the prime factors of 1384229941.
587, 2358143
List the prime factors of 185421762.
2, 3, 41, 43, 5843
What are the prime factors of 344413489?
7, 17, 41, 73, 967
What are the prime factors of 180730372?
2, 31, 1457503
List the prime factors of 58716514.
2, 29358257
List the prime factors of 1351450799.
181, 7466579
What are the prime factors of 49761812?
2, 12440453
List the prime factors of 64202584.
2, 137, 58579
List the prime factors of 812250854.
2, 17, 23889731
What are the prime factors of 307762075?
5, 2377, 5179
List the prime factors of 5918721472.
2, 92480023
List the prime factors of 14414671.
14414671
What are the prime factors of 6236839749?
3, 7, 31, 97, 283, 349
What are the prime factors of 1677299270?
2, 5, 1913, 87679
List the prime factors of 2931312906.
2, 3, 269, 605393
What are the prime factors of 39028032?
2, 3, 67757
List the prime factors of 46300261.
7, 6614323
List the prime factors of 234226841.
67, 103, 33941
What are the prime factors of 1570337815?
5, 643, 488441
What are the prime factors of 531744368?
2, 4547, 7309
List the prime factors of 382576194.
2, 3, 7, 11, 13, 17, 1249
What are the prime factors of 50160060?
2, 3, 5, 10321
What are the prime factors of 46079523?
3, 7, 181, 449
What are the prime factors of 57717238?
2, 503, 57373
List the prime factors of 21041804.
2, 7, 853, 881
List the prime factors of 24713445.
3, 5, 1647563
List the prime factors of 48587940.
2, 3, 5, 19, 14207
What are the prime factors of 2350991455?
5, 17, 41, 674603
What are the prime factors of 1639165152?
2, 3, 17074637
What are the prime factors of 231091807?
29, 7968683
What are the prime factors of 98302234?
2, 193, 233, 1093
List the prime factors of 1429367113.
1361, 1050233
List the prime factors of 21542742.
2, 3, 13, 43, 2141
List the prime factors of 1966161157.
14951, 131507
List the prime factors of 45533027.
613, 74279
What are the prime factors of 2359767580?
2, 5, 2029, 58151
What are the prime factors of 78716033?
11, 2347, 3049
List the prime factors of 41018076.
2, 3, 11, 17, 677
List the prime factors of 34456047.
3, 23, 499363
What are the prime factors of 1557421211?
1557421211
What are the prime factors of 1547690312?
2, 7, 53, 197, 2647
What are the prime factors of 6354931636?
2, 17, 93454877
List the prime factors of 45793202.
2, 7, 13, 251611
What are the prime factors of 1598585721?
3, 23, 23167909
What are the prime factors of 19318641?
3, 6439547
List the prime factors of 221559075.
3, 5, 984707
What are the prime factors of 110703485?
5, 23, 41, 53, 443
What are the prime factors of 1015319793?
3, 338439931
What are the prime factors of 211720568?
2, 4261, 6211
List the prime factors of 839697925.
5, 11, 1301, 2347
What are the prime factors of 330405526?
2, 11, 29, 517877
List the prime factors of 61123888.
2, 7, 545749
What are the prime factors of 34663627?
34663627
What are the prime factors of 59866921?
31, 197, 9803
List the prime factors of 6050988039.
3, 1061, 1901033
What are the prime factors of 122976169?
122976169
What are the prime factors of 2297741096?
2, 7, 113, 331, 1097
What are the prime factors of 529714037?
529714037
What are the prime factors of 1365064?
2, 170633
What are the prime factors of 293752126?
2, 41, 3582343
What are the prime factors of 17772441?
3, 2141, 2767
What are the prime factors of 75545193?
3, 53, 59, 8053
What are the prime factors of 87839341?
87839341
What are the prime factors of 1715599?
1715599
List the prime factors of 67919116.
2, 743, 22853
What are the prime factors of 272106331?
7, 5669, 6857
What are the prime factors of 226185090?
2, 3, 5, 823, 9161
What are the prime factors of 676695871?
109, 6208219
What are the prime factors of 186781337?
47, 3974071
List the prime factors of 35220358.
2, 293, 60103
What are the prime factors of 109856623?
1229, 89387
List the prime factors of 365467566.
2, 3, 60911261
List the prime factors of 24666276.
2, 3, 1327, 1549
What are the prime factors of 1352463231?
3, 7, 64403011
What are the prime factors of 98954963?
137, 722299
List the prime factors of 1281902973.
3, 13, 32869307
What are the prime factors of 800914889?
800914889
List the prime factors of 2350943.
7, 29, 37, 313
List the prime factors of 350371994.
2, 7, 1181, 21191
What are the prime factors of 151563577?
11, 13778507
What are the prime factors of 156038960?
2, 5, 7, 11, 73, 347
What are the prime factors of 1282827012?
2, 3, 4751, 22501
List the prime factors of 2017525693.
193, 2237, 4673
List the prime factors of 46641578.
2, 47, 496187
What are the prime factors of 1737556836?
2, 3, 144796403
What are the prime factors of 165690462?
2, 3, 7, 379, 1487
List the prime factors of 22227732.
2, 3, 43, 83, 173
List the prime factors of 3184103425.
5, 127364137
List the prime factors of 109145779.
109145779
List the prime factors of 4048664476.
2, 19, 67, 795103
What are the prime factors of 1522626855?
3, 5, 103, 985519
What are the prime factors of 6249584?
2, 11, 35509
What are the prime factors of 32886154?
2, 7, 47939
What are the prime factors of 6957957811?
7, 83, 1710833
What are the prime factors of 303330965?
5, 7, 1699, 5101
What are the prime factors of 1417065027?
3, 7, 67479287
What are the prime factors of 1552457537?
1552457537
List the prime factors of 210337794.
2, 3, 89, 131297
List the prime factors of 59304228.
2, 3, 17, 290707
List the prime factors of 271039573.
7, 1033, 37483
List the prime factors of 35049212.
2, 11, 37, 21529
List the prime factors of 657941180.
2, 5, 13, 2530543
List the prime factors of 147414371.
13, 11339567
List the prime factors of 45005417.
3011, 14947
List the prime factors of 1059290032.
2, 331, 200017
List the prime factors of 2952885771.
3, 11, 17, 83, 21139
What are the prime factors of 764780226?
2, 3, 7, 1609, 11317
List the prime factors of 594199110.
2, 3, 5, 223, 88819
List the prime factors of 3468666.
2, 3, 313, 1847
What are the prime factors of 865851960?
2, 3, 5, 7215433
What are the prime factors of 84803057?
269, 367, 859
What are the prime factors of 4530910111?
7, 13, 3830017
List the prime factors of 29981